 remainder when 2684 is divided by 42?
38
What is the remainder when 61 is divided by 2?
1
Calculate the remainder when 195 is divided by 6.
3
Calculate the remainder when 106 is divided by 12.
10
Calculate the remainder when 1270 is divided by 161.
143
What is the remainder when 72 is divided by 15?
12
Calculate the remainder when 872 is divided by 46.
44
Calculate the remainder when 173 is divided by 60.
53
What is the remainder when 1216 is divided by 71?
9
What is the remainder when 18232 is divided by 20?
12
Calculate the remainder when 844 is divided by 82.
24
Calculate the remainder when 701 is divided by 88.
85
What is the remainder when 3653 is divided by 53?
49
Calculate the remainder when 15497 is divided by 20.
17
Calculate the remainder when 29 is divided by 24.
5
What is the remainder when 24337 is divided by 61?
59
What is the remainder when 185 is divided by 57?
14
Calculate the remainder when 83 is divided by 40.
3
Calculate the remainder when 119 is divided by 20.
19
Calculate the remainder when 100 is divided by 27.
19
Calculate the remainder when 3446 is divided by 115.
111
Calculate the remainder when 1407 is divided by 199.
14
What is the remainder when 3324 is divided by 1104?
12
What is the remainder when 33041 is divided by 173?
171
Calculate the remainder when 179 is divided by 6.
5
Calculate the remainder when 1245 is divided by 24.
21
Calculate the remainder when 121 is divided by 38.
7
What is the remainder when 1693 is divided by 561?
10
What is the remainder when 238 is divided by 24?
22
Calculate the remainder when 2369 is divided by 50.
19
Calculate the remainder when 3 is divided by 3.
0
Calculate the remainder when 1656 is divided by 79.
76
What is the remainder when 156 is divided by 16?
12
What is the remainder when 233 is divided by 17?
12
What is the remainder when 101 is divided by 18?
11
What is the remainder when 1859 is divided by 20?
19
Calculate the remainder when 620 is divided by 52.
48
What is the remainder when 1713 is divided by 66?
63
Calculate the remainder when 517 is divided by 37.
36
What is the remainder when 2572 is divided by 169?
37
What is the remainder when 172 is divided by 35?
32
What is the remainder when 149 is divided by 14?
9
What is the remainder when 1256 is divided by 36?
32
Calculate the remainder when 817 is divided by 201.
13
Calculate the remainder when 255 is divided by 36.
3
Calculate the remainder when 130 is divided by 7.
4
What is the remainder when 67 is divided by 12?
7
Calculate the remainder when 445 is divided by 75.
70
What is the remainder when 1575 is divided by 208?
119
Calculate the remainder when 3065 is divided by 1012.
29
Calculate the remainder when 1357 is divided by 85.
82
What is the remainder when 100 is divided by 22?
12
What is the remainder when 419 is divided by 71?
64
Calculate the remainder when 236 is divided by 28.
12
Calculate the remainder when 425 is divided by 48.
41
What is the remainder when 65 is divided by 49?
16
What is the remainder when 2271 is divided by 17?
10
Calculate the remainder when 4363 is divided by 78.
73
What is the remainder when 627 is divided by 3?
0
Calculate the remainder when 174 is divided by 9.
3
Calculate the remainder when 106 is divided by 13.
2
Calculate the remainder when 4535 is divided by 28.
27
What is the remainder when 81 is divided by 21?
18
Calculate the remainder when 269 is divided by 235.
34
What is the remainder when 6572 is divided by 137?
133
Calculate the remainder when 10 is divided by 5.
0
What is the remainder when 558 is divided by 35?
33
What is the remainder when 535 is divided by 54?
49
Calculate the remainder when 79 is divided by 53.
26
What is the remainder when 926 is divided by 73?
50
What is the remainder when 319 is divided by 21?
4
What is the remainder when 10610 is divided by 29?
25
Calculate the remainder when 1292 is divided by 18.
14
Calculate the remainder when 598 is divided by 101.
93
What is the remainder when 16111 is divided by 11?
7
Calculate the remainder when 1573 is divided by 18.
7
What is the remainder when 64 is divided by 5?
4
What is the remainder when 1232 is divided by 124?
116
Calculate the remainder when 5242 is divided by 76.
74
What is the remainder when 222 is divided by 35?
12
Calculate the remainder when 17 is divided by 2.
1
What is the remainder when 259 is divided by 55?
39
What is the remainder when 726 is divided by 242?
0
What is the remainder when 6043 is divided by 27?
22
What is the remainder when 237 is divided by 196?
41
Calculate the remainder when 129 is divided by 39.
12
What is the remainder when 2083 is divided by 6?
1
What is the remainder when 109 is divided by 23?
17
What is the remainder when 575 is divided by 13?
3
What is the remainder when 421 is divided by 143?
135
What is the remainder when 412 is divided by 196?
20
Calculate the remainder when 148 is divided by 30.
28
What is the remainder when 2293 is divided by 82?
79
What is the remainder when 244 is divided by 62?
58
What is the remainder when 5679 is divided by 247?
245
Calculate the remainder when 103 is divided by 36.
31
Calculate the remainder when 188 is divided by 133.
55
What is the remainder when 2928 is divided by 121?
24
What is the remainder when 131 is divided by 25?
6
Calculate the remainder when 203 is divided by 11.
5
What is the remainder when 608 is divided by 28?
20
What is the remainder when 350 is divided by 50?
0
What is the remainder when 621 is divided by 3?
0
Calculate the remainder when 4255 is divided by 93.
70
What is the remainder when 91 is divided by 47?
44
What is the remainder when 988 is divided by 71?
65
What is the remainder when 44 is divided by 4?
0
Calculate the remainder when 1285 is divided by 14.
11
What is the remainder when 281 is divided by 47?
46
What is the remainder when 2050 is divided by 19?
17
What is the remainder when 221 is divided by 70?
11
Calculate the remainder when 1583 is divided by 26.
23
What is the remainder when 143 is divided by 15?
8
What is the remainder when 1119 is divided by 124?
3
Calculate the remainder when 309 is divided by 74.
13
What is the remainder when 333 is divided by 51?
27
Calculate the remainder when 2010 is divided by 339.
315
What is the remainder when 55 is divided by 45?
10
What is the remainder when 223 is divided by 106?
11
What is the remainder when 225 is divided by 51?
21
What is the remainder when 450 is divided by 19?
13
What is the remainder when 429 is divided by 241?
188
Calculate the remainder when 473 is divided by 27.
14
What is the remainder when 1016 is divided by 9?
8
What is the remainder when 53 is divided by 36?
17
Calculate the remainder when 118 is divided by 14.
6
What is the remainder when 34 is divided by 30?
4
Calculate the remainder when 9567 is divided by 147.
12
Calculate the remainder when 333 is divided by 84.
81
Calculate the remainder when 4797 is divided by 10.
7
Calculate the remainder when 935 is divided by 48.
23
What is the remainder when 76 is divided by 17?
8
What is the remainder when 72 is divided by 60?
12
Calculate the remainder when 189 is divided by 9.
0
Calculate the remainder when 376 is divided by 46.
8
What is the remainder when 183 is divided by 22?
7
Calculate the remainder when 737 is divided by 41.
40
Calculate the remainder when 307 is divided by 21.
13
What is the remainder when 621 is divided by 161?
138
Calculate the remainder when 438 is divided by 30.
18
What is the remainder when 428 is divided by 419?
9
Calculate the remainder when 35 is divided by 2.
1
What is the remainder when 130 is divided by 45?
40
What is the remainder when 141 is divided by 49?
43
Calculate the remainder when 432 is divided by 40.
32
What is the remainder when 3544 is divided by 197?
195
What is the remainder when 25 is divided by 15?
10
Calculate the remainder when 1883 is divided by 29.
27
Calculate the remainder when 383 is divided by 193.
190
Calculate the remainder when 150 is divided by 67.
16
What is the remainder when 515 is divided by 7?
4
What is the remainder when 4220 is divided by 4?
0
What is the remainder when 3950 is divided by 38?
36
What is the remainder when 154 is divided by 26?
24
Calculate the remainder when 2140 is divide